{"id":46,"date":"2016-06-25T18:08:56","date_gmt":"2016-06-25T17:08:56","guid":{"rendered":"https:\/\/wp.pomitech.cz\/?page_id=46"},"modified":"2016-06-26T21:58:16","modified_gmt":"2016-06-26T20:58:16","slug":"kamerove-systemy","status":"publish","type":"page","link":"https:\/\/www.pomitech.cz\/?page_id=46","title":{"rendered":"Kamerov\u00e9 syst\u00e9my"},"content":{"rendered":"<p>Podle po\u017eadavk\u016f navrhneme a realizujeme IP kamerov\u00e9 syst\u00e9my s mo\u017enost\u00ed z\u00e1znamu a vzd\u00e1len\u00e9ho n\u00e1hledu.<\/p>\n","protected":false},"excerpt":{"rendered":"<p>Podle po\u017eadavk\u016f navrhneme a realizujeme IP kamerov\u00e9 syst\u00e9my s mo\u017enost\u00ed z\u00e1znamu a vzd\u00e1len\u00e9ho n\u00e1hledu.<\/p>\n","protected":false},"author":1,"featured_media":132,"parent":17,"menu_order":40,"comment_status":"closed","ping_status":"closed","template":"","meta":{"footnotes":""},"class_list":["post-46","page","type-page","status-publish","has-post-thumbnail","hentry"],"_links":{"self":[{"href":"https:\/\/www.pomitech.cz\/index.php?rest_route=\/wp\/v2\/pages\/46","targetHints":{"allow":["GET"]}}],"collection":[{"href":"https:\/\/www.pomitech.cz\/index.php?rest_route=\/wp\/v2\/pages"}],"about":[{"href":"https:\/\/www.pomitech.cz\/index.php?rest_route=\/wp\/v2\/types\/page"}],"author":[{"embeddable":true,"href":"https:\/\/www.pomitech.cz\/index.php?rest_route=\/wp\/v2\/users\/1"}],"replies":[{"embeddable":true,"href":"https:\/\/www.pomitech.cz\/index.php?rest_route=%2Fwp%2Fv2%2Fcomments&post=46"}],"version-history":[{"count":2,"href":"https:\/\/www.pomitech.cz\/index.php?rest_route=\/wp\/v2\/pages\/46\/revisions"}],"predecessor-version":[{"id":204,"href":"https:\/\/www.pomitech.cz\/index.php?rest_route=\/wp\/v2\/pages\/46\/revisions\/204"}],"up":[{"embeddable":true,"href":"https:\/\/www.pomitech.cz\/index.php?rest_route=\/wp\/v2\/pages\/17"}],"wp:featuredmedia":[{"embeddable":true,"href":"https:\/\/www.pomitech.cz\/index.php?rest_route=\/wp\/v2\/media\/132"}],"wp:attachment":[{"href":"https:\/\/www.pomitech.cz\/index.php?rest_route=%2Fwp%2Fv2%2Fmedia&parent=46"}],"curies":[{"name":"wp","href":"https:\/\/api.w.org\/{rel}","templated":true}]}}